+ -1?
23
Calculate (15 - 25) + 15 - -10.
15
What is the value of -1 + ((8 + -5 - 0) + -11 - -21)?
12
What is the value of 89 + -91 - (25 - -5)?
-32
What is 8 + (12 - 5) + -9 - -3?
9
What is -2 + (2 - 4) + (738 - 755)?
-21
Evaluate (2 - (-1 + 4) - (18 + -31)) + 25.
37
What is the value of 8 + -10 + (7 - 16)?
-11
What is 139 + -160 - (-4 - 10)?
-7
What is the value of 3 + (1 - -3) + 4 + (7 - 5)?
13
Calculate 2 + 0 + 2 - (26 + -9 + -13).
0
What is (9 - (-4 - (2 + -22))) + -5?
-12
Calculate (-5 - -10 - 1 - 8) + -4.
-8
Calculate -9 + 12 - (42 + -24).
-15
What is -3 + -3 + (24 - (4 + 0))?
14
Evaluate (-13 - 1) + 3 + 5 - 4.
-10
What is 45 - 71 - (-9 + -11)?
-6
Calculate -2 - (-12 + 22 + -3 + 0).
-9
Evaluate -6 - (1 + 0) - (35 + -28).
-14
2 + 3 - (-20 - -13) - 22
-10
Evaluate 1 - (-11 + -30 + 15).
27
Evaluate (-19 + -21 - -20) + 19 - (-1 - -26).
-26
What is 20 + 4 + 9 + 11 + -26 + -2?
16
1 + -5 + 10 - (-26 + 20)
12
Calculate (-3 - (3 + 5 + -24 + -8)) + -4.
17
What is the value of -16 - (5 + -5 - (-4 + 16 - 3))?
-7
Calculate (17 - (3 - 21)) + -44.
-9
What is 34 - (26 - 48) - 31?
25
Evaluate -2 + (3 + 0 - 2) + 2 + -6.
-5
What is the value of (-8 - -23 - 27) + 30?
18
Evaluate (-5 - 13) + 10 + -4 - -10.
-2
What is the value of -25 + (25 - 9) + (-21 - -13)?
-17
Evaluate (-24 - ((1 - 27) + 20)) + (-4 - 0).
-22
Evaluate 10 - (27 + (-10 - 10)).
3
What is (-4 - 10) + 0 + 5?
-9
What is 3 + -9 + 0 - (20 + -33)?
7
What is 6 + -6 + 8 + -1 + 3 + -8?
2
Evaluate -26 + 37 - (4 - -2).
5
What is 16 + -11 + (0 - -8 - -1)?
14
Calculate (-35 - 29) + 17 - -32.
-15
Calculate 3 + -9 - (5 - 0 - 8 - 2).
-1
What is the value of (2 - (0 + 8)) + (15 - (20 + 21))?
-32
What is -4 + -7 - ((4 - 4) + -6)?
-5
What is 0 + -7 + (-4 - -3)?
-8
What is the value of -5 + (-3 + 10 - (-3 - -13 - 3))?
-5
Calculate -10 + -18 + (-5 - -13) + 6.
-14
What is (223 - 226) + (0 + 2 - -32) + 2?
33
What is the value of (-14 - (-14 + 11)) + 0 + (-4 - -3)?
-12
10 + -9 + 11 - 15
-3
Evaluate (4 - 7) + -7 + 9 + -5.
-6
What is the value of (7 - -2) + 11 + (-32 - -15)?
3
Calculate 25 + -3 + -2 + 15 + -15.
20
Calculate (-84 - -80 - (-1 + -14)) + -6.
5
Evaluate 44 + (-17 - (-8 - (-23 - -16))).
28
Calculate (-4 - -3) + -8 + (-51 - -49).
-11
Calculate -9 + 11 + 5 + 5.
12
Evaluate 12 + 7 + -31 + -2.
-14
What is the value of 130 - 139 - (-1 - 6)?
-2
7 + 0 + (8 - 3) + 8
20
Calculate -11 - -5 - (8 + -10 + -12).
8
35 + -7 + -76 - -23
-25
Evaluate (-14 - -36 - 14) + (0 + -13 - -5).
0
Evaluate 11 + -7 + (3 - 3).
4
What is the value of 45 + -48 + (-2 - (-23 - (-6 + 2)))?
14
What is (0 - 5) + (-9 - -4) + 5 + -8?
-13
Evaluate 6 - (17 - 36) - 3.
22
What is 8 + -6 + 3 + -6 + -14?
-15
8 + (0 - -1) - (46 + 19 + -47)
-9
Evaluate 5 + 8 + -11 + (11 - 0).
13
What is 11 + -12 + (-8 - -4)?
-5
Calculate (24 - 12) + -16 - 10.
-14
Calculate 3 + (4 - -7) + -10.
4
-74 + 75 - (-1 - -8 - (0 - -3))
-3
Calculate -21 + 8 + -4 + 11.
-6
What is the value of -68 + 85 - (-5 + -1 - -3)?
20
What is the value of -13 + 4 + (3 - 0) - -4 - 14?
-16
Calculate -41 - (-19 - (-8 + 11)).
-19
What is the value of -6 + 30 + (2 + -6 - 3) + 4?
21
Calculate 22 - (-9 - (14 + -31 - 2)).
12
Calculate (1 - (1 + -1)) + -978 + 972.
-5
-3 - (-1 + 0) - -6
4
Calculate -5 + (3 - (5 - (1 + 1))).
-5
Evaluate 98 + -115 + 38 + -5.
16
Evaluate 4 + (-6 + 8 + -3 + 1 - -14).
18
Calculate -7 - 2 - (5 + -19).
5
What is -29 + 0 + 37 + -15?
-7
Evaluate -35 - ((-10 - 0) + 13 - (1 - -4)).
-33
What is the value of -9 - (-37 + 16) - 3?
9
What is (8 - (7 + 4) - 1) + -3 + 8?
1
Calculate 8 - -1 - (12 + 8).
-11
Calculate -27 + (40 - -3) - 30.
-14
3 - (6 + -1 - 13) - 23
-12
Evaluate -15 + (3 - 3 - 0) - (101 + -103).
-13
10 + (4 - 31) + 6
-11
Calculate 7 - ((20 - -4) + -10) - -20.
13
19 - (1 + 50) - -12
-20
Evaluate -3 - (-1 - (3 - -10) - (-10 + 6)).
7
What is 8 + -6 - -10 - (2 - -6)?
4
What is -5 - (0 + (1 - (3 + 6)))?
3
(20 - -28) + -31 - (-16 - -1)
32
What is 19 + -7 - (-2 + 3)?
11
Evaluate (-5 - (28 - 18)) + -1 + -2.
-18
Calculate -6 + -25 - (14 - (43 + -19)).
-21
Evaluate 10 + (1 + 13 - 54) + 12.
-18
(-31 - -38) + (4 - 36) + 12
-13
Evaluate 9 + -7 + -9 + -9 + 13.
-3
What is -26 + (-20 - (-22 + 0)) + (0 - -3)?
-21
What is 13 - (-37 - -53) - (-2 - (1 - -3))?
3
What is the value of -4 + (-27 + 32 + (0 - 7) - -7)?
1
What is 4 + 11 + (-9 - -9) - (2 - -3)?
10
5 - (-9 - (6 + -20)) - 16
-16
What is the value of -19 + (-9 - -2) + 20 + (-18 - -3)?
-21
0 + -1 + -5 + 8 + -2
0
Evaluate (-4 - 3) + (34 - 25) - 7.
-5
Calculate 5 - (-4 + 18 + (-5 - 2) + 4).
-6
What is -5 + 29 + (-8 - -4)?
20
31 + 15 + -48 - (7 + 0) - 9
-18
What is the value of -77 + 70 - (-21 - 1)?
15
What is 16 + (-10 + -24 - 11) + 6?
-23
What is the value of 1 + -13 + (15 - 6) + 5?
2
Evaluate 20 - (5 + 40) - (0 - 9).
-16
Calculate -8 + (-28 - -36) + (-2 - (-7 + -1)).
6
-46 + (4 - -17) - -2
-23
What is the value of -5 - (0 + 10 + -45 + 11)?
19
What is the value of (7 - (2 - -40)) + -1 + (14 - 8)?
-30
Calculate 24 + (-3 - 13) - 45 - -4.
-33
What is the value of 8 - ((-6 - -7) + 6)?
1
Calculate 6 - (6 + -6 + -2 + -1).
9
Evaluate -1 + 1 + -13 + -757 + 782.
12
Calculate (-5 - 2 - (184 - 203)) + 2 + 1.
15
What is -13 - (5 - (-7 + 1 - -16 - 11))?
-19
What is the value of (22 + -12 - 14) + 9?
5
What is the value of -27 - -60 - 35 - (0 - 22)?
20
What is -10 - (-5 - 2 - -6)?
-9
Evaluate (0 - 13) + 2 + -13 + 11.
-13
Evaluate 10 + -2 + 3 + (4 - (-1 + 1)).
15
What is the value of (-82 - -53) + (-2 - 4) + (8 - -1)?
-26
What is the value of 8 + 1 - (43 - 33) - 16?
-17
What is 21 - 5 - (2 + -2 + (7 - 1))?
10
What is the value of -15 + 29 + -41 - (4 + (-12 - 0))?
-19
Evaluate 9 + -9 + (8 - (12 + -14)).
10
What is (-6 - 1 - 7) + -6 + 7?
-13
Calculate 4 + -2 + -3 + (26 - (26 - 15)).
14
-6 + 0 + 46 + (-45 - 16)
-21
-6 + 3 + -1 + 47 + -21
22
Calculate 6 + (3 - 4) + (-14 - -16) - 28.
-21
What is 6 - (1 + 7 - (-35 + (54 - 26)))?
-9
What is -1 + (-59 + 52 + 5 + -1 - -6)?
2
-8 - (-2 - 5) - (17 - 9)
-9
-7 + (6 - (-1 - 0) - (31 + -15))
-16
What is -48 - (-55 - (-37 - -18))?
-12
What is the value of 8 + (-17 - (49 + -30))?
-28
Calculate -11 - ((15 - -23) + -15 - 13).
-21
What is 12 - (12 + (8 - 19) + 5 + -7)?
13
Evaluate -42 + (46 - 1) + -18.
-15
0 + (11 - -9) + -13
7
Evaluate 0 + -9 + -10 + (68 - 17).
32
What is -3 - (-3 - (11 - -3))?
14
(-2 - -5) + -12 + 8 + 3
2
(-2 - 9) + 1 + (-15 - -26)
1
10 - (-6 - (9 + -8 + -11))
6
Evaluate 2 + -17 - -14 - 10.
-11
What is -5 - -22 - (36 - -3)?
-22
263 + -256 - (-4 + 2 - -16)
-7
What is the value of -43 + 38 - (0 + (1 + -4 - -9))?
-11
-8 + -16 + 1 + (10 - 8)
-21
Evaluate -3 + -3 + 10 - (214 + -243).
33
Evaluate -5 + 0 - (24 - 19) - -22.
12
Calculate 1 + -9 + 3 + (-10 - (-6 + -3)).
-6
What is the value of (-56 - -52) + 18 + (24 - -1)?
39
Evaluate 7 - 0 - 5 - 7 - (0 + 17).
-22
What is the value of 8 + 16 + -26 + (-2 - 7)?
-11
What is 8 + -54 - (-3 + -3 - 8)?
-32
What is the value of -29 - (-20 - -5) - 0?
-14
What is the value of (1 - 2) + -32 + (17 - -13)?
-3
Evaluate 5 + (16 - 7 - (14 - -9)).
-9
What is the value of (1 - -7 - 11) + 3 - 11?
-11
0 - (-2 - ((-29 - -8) + -9 + 2))
-26
What is the value of -8 - (11 - 21) - 7?
-5
-2 + 4 + -6 - -61 - 12 - 6
39
What is (0 - -4) + 0 - (5 + -10)?
9
Evaluate (0 - (13 + -21)) + 20 + -2.
26
What is 1 - (28 + -32 - (6 + 2 + -1))?
12
What is -15 - (-4 + (-11 - (9 - 21)))?
-12
Evaluate -7 - (7 - ((-6 - -7) + 1)).
-12
What is -5 - -4 - 5 - (-1 + -1 + 0)?
-4
Calculate -7 + 22 + -14 + 4 + 5.
10
What is the value of 51 - 51 - (-1 - 11)?
12
-3 - ((2 - 0) + -6 + -4 + 10)
-5
Calculate -3 - (-8 - -8 - 6).
3
What is the value of 8 + 2 + 2 - (-8 - -1 - -8)?
11
Evaluate (10 - (25 - 46)) + -14.
17
-5 + (25 - 43 - -28)
5
3 - (-6 + (-5 - -1 - (-9 + 1)))
5
Evaluate -24 + (27 - -9) - (3 + 0).
9
-100 + 117 + (7 - 15) + 6
15
-14 - (0 - (-1 + 1)) - (2459 - 2462)
-11
Calculate -4 + -12 + 13 + 13.
10
What is 80 + -86 + 3 + (0 - -2)?
-1
1 - ((-7 - -18) + -5)
-5
Evaluate 1083 - 1051 - (-1 + 58).
-25
-3 + (-16 - -16) + 19
16
What is the value of 12 - (4 - 0 - -1)?
7
Evaluate 1 - 12 - (-50 + 37).
2
Calculate 48 + -54 - (-5 + -1).
0
What is (0 - 5) + (-17 - -27)?
5
What is the value of -1 - (28 - 45) - 17?
-1
Calculate 25 + -38 + (-1 - (-5 - 0)).
-9
-11 - (6 - 18 - 1)
2
What is -4 + -2 + (18 - 0) + (0 - 2)?
10
Calcula